
What is the tens digit of 73344?
4
What is the hundreds digit of 527176?
1
What is the hundreds digit of 1204?
2
What is the hundred thousands digit of 7937750?
9
What is the thousands digit of 121355?
1
What is the tens digit of 303327?
2
What is the ten thousands digit of 5370869?
7
What is the ten thousands digit of 230424?
3
What is the thousands digit of 207574?
7
What is the tens digit of 932621?
2
What is the hundred thousands digit of 516781?
5
What is the hundreds digit of 122105?
1
What is the hundred thousands digit of 4466278?
4
What is the ten thousands digit of 103362?
0
What is the ten millions digit of 11066264?
1
What is the units digit of 55871?
1
What is the units digit of 205180?
0
What is the tens digit of 210296?
9
What is the hundreds digit of 789123?
1
What is the tens digit of 4748468?
6
What is the tens digit of 208308?
0
What is the hundreds digit of 227249?
2
What is the hundreds digit of 78321?
3
What is the millions digit of 2982581?
2
What is the hundred thousands digit of 834766?
8
What is the thousands digit of 89550?
9
What is the units digit of 201128?
8
What is the hundreds digit of 1920655?
6
What is the millions digit of 12098526?
2
What is the tens digit of 1734527?
2
What is the hundreds digit of 261786?
7
What is the ten thousands digit of 1080992?
8
What is the thousands digit of 1449208?
9
What is the ten thousands digit of 1877060?
7
What is the hundred thousands digit of 662120?
6
What is the hundreds digit of 9816370?
3
What is the units digit of 117946?
6
What is the millions digit of 1598383?
1
What is the hundreds digit of 37638712?
7
What is the hundreds digit of 884291?
2
What is the thousands digit of 1889560?
9
What is the hundred thousands digit of 209892?
2
What is the ten thousands digit of 3388236?
8
What is the tens digit of 249803?
0
What is the thousands digit of 14479397?
9
What is the units digit of 74409?
9
What is the hundreds digit of 1480824?
8
What is the tens digit of 162893?
9
What is the thousands digit of 741945?
1
What is the hundreds digit of 10712527?
5
What is the units digit of 3794536?
6
What is the hundreds digit of 205490?
4
What is the hundreds digit of 102162?
1
What is the ten thousands digit of 7937600?
3
What is the units digit of 219304?
4
What is the units digit of 207374?
4
What is the tens digit of 411597?
9
What is the ten thousands digit of 839375?
3
What is the ten thousands digit of 133286?
3
What is the ten thousands digit of 864537?
6
What is the ten thousands digit of 1284617?
8
What is the units digit of 346932?
2
What is the thousands digit of 3313721?
3
What is the hundreds digit of 709994?
9
What is the thousands digit of 3916212?
6
What is the millions digit of 4693467?
4
What is the millions digit of 1888018?
1
What is the ten thousands digit of 2503470?
0
What is the ten thousands digit of 889436?
8
What is the thousands digit of 312611?
2
What is the thousands digit of 17752253?
2
What is the thousands digit of 776710?
6
What is the thousands digit of 9460833?
0
What is the units digit of 2810267?
7
What is the units digit of 32941181?
1
What is the hundred thousands digit of 3680109?
6
What is the thousands digit of 2183830?
3
What is the millions digit of 10091621?
0
What is the ten thousands digit of 686030?
8
What is the tens digit of 1112891?
9
What is the hundred thousands digit of 4101348?
1
What is the tens digit of 8811952?
5
What is the hundred thousands digit of 3162593?
1
What is the hundred thousands digit of 18847250?
8
What is the units digit of 15791411?
1
What is the units digit of 50649?
9
What is the hundreds digit of 610531?
5
What is the hundred thousands digit of 393709?
3
What is the units digit of 1231633?
3
What is the hundreds digit of 1475971?
9
What is the hundreds digit of 1701794?
7
What is the thousands digit of 5239001?
9
What is the ten millions digit of 21049934?
2
What is the millions digit of 1875294?
1
What is the tens digit of 9766838?
3
What is the hundreds digit of 8287909?
9
What is the hundreds digit of 158297?
2
What is the tens digit of 4910609?
0
What is the units digit of 282350?
0
What is the hundred thousands digit of 185715?
1
What is the tens digit of 4755996?
9
What is the units digit of 63999?
9
What is the ten thousands digit of 3681007?
8
What is the hundreds digit of 564938?
9
What is the ten thousands digit of 259643?
5
What is the hundreds digit of 15107311?
3
What is the ten thousands digit of 137672?
3
What is the hundred thousands digit of 17878623?
8
What is the hundreds digit of 2244717?
7
What is the hundreds digit of 3411596?
5
What is the tens digit of 801033?
3
What is the hundreds digit of 730529?
5
What is the thousands digit of 1152709?
2
What is the units digit of 7279080?
0
What is the thousands digit of 921394?
1
What is the ten thousands digit of 2035832?
3
What is the thousands digit of 31374?
1
What is the ten thousands digit of 544970?
4
What is the thousands digit of 107445?
7
What is the hundred thousands digit of 487561?
4
What is the thousands digit of 2090681?
0
What is the tens digit of 656771?
7
What is the ten thousands digit of 16249304?
4
What is the tens digit of 5576230?
3
What is the hundreds digit of 50433?
4
What is the hundreds digit of 3350773?
7
What is the hundreds digit of 2692707?
7
What is the hundreds digit of 328105?
1
What is the ten millions digit of 26605687?
2
What is the tens digit of 6945003?
0
What is the thousands digit of 682871?
2
What is the hundreds digit of 550258?
2
What is the thousands digit of 15617863?
7
What is the tens digit of 2334171?
7
What is the thousands digit of 4791020?
1
What is the thousands digit of 4011209?
1
What is the millions digit of 3478866?
3
What is the millions digit of 9009372?
9
What is the hundreds digit of 140366?
3
What is the ten thousands digit of 1268868?
6
What is the thousands digit of 7964548?
4
What is the thousands digit of 12760916?
0
What is the millions digit of 1327507?
1
What is the tens digit of 7041?
4
What is the thousands digit of 229754?
9
What is the thousands digit of 3253647?
3
What is the hundred thousands digit of 7237948?
2
What is the ten millions digit of 12198273?
1
What is the tens digit of 378793?
9
What is the units digit of 87093?
3
What is the tens digit of 22351667?
6
What is the units digit of 710736?
6
What is the thousands digit of 888986?
8
What is the millions digit of 2701355?
2
What is the thousands digit of 13351?
3
What is the hundred thousands digit of 710796?
7
What is the ten thousands digit of 1387141?
8
What is the hundreds digit of 3227040?
0
What is the units digit of 90832?
2
What is the hundred thousands digit of 15535879?
5
What is the tens digit of 3233636?
3
What is the units digit of 2257688?
8
What is the millions digit of 3232082?
3
What is the tens digit of 13580704?
0
What is the thousands digit of 44235?
4
What is the hundreds digit of 9832483?
4
What is the tens digit of 14180810?
1
What is the units digit of 13749461?
1
What is the ten thousands digit of 108653?
0
What is the hundreds digit of 2565772?
7
What is the ten thousands digit of 211514?
1
What is the millions digit of 1096188?
1
What is the millions digit of 11557366?
1
What is the millions digit of 14165925?
4
What is the units digit of 73393?
3
What is the tens digit of 17687?
8
What is the ten thousands digit of 162151?
6
What is the units digit of 1809901?
1
What is the millions digit of 1539469?
1
What is the tens digit of 1498194?
9
What is the tens digit of 21360807?
0
What is the hundreds digit of 937195?
1
What is the hundreds digit of 35768?
7
What is the ten thousands digit of 3925547?
2
What is the tens digit of 719061?
6
What is the hundreds digit of 27758?
7
What is the tens digit of 1480166?
6
What is the thousands digit of 162417?
2
What is the hundreds digit of 4480104?
1
What is the hundreds digit of 111021?
0
What is the hundred thousands digit of 357961?
3
What is the tens digit of 5023254?
5
What is the ten thousands digit of 2139228?
3
What is the thousands digit of 179108?
9
What is the hundreds digit of 370705?
7
What is the thousands digit of 4940470?
0
What is the units digit of 5324845?
5
What is the hundreds digit of 86544?
5
What is the ten tho